t is d(l)?
-12
Let r(u) = -5*u**3 + u**2 + u + 1. Suppose -a + 9 = 10. Determine r(a).
6
Let y(s) = 2*s - 4. Let p = -7 - -12. Determine y(p).
6
Let c(x) = -2*x**3 + 2*x**2 + 11*x + 39. Let m(n) = -n**3 + n**2 + 6*n + 20. Let p(k) = -6*c(k) + 11*m(k). Give p(0).
-14
Let s(b) = -10*b + 1. Let o be s(1). Let d be (2/6)/((-3)/o). Let z(j) = 3 - 2 - j + d. What is z(-4)?
6
Let a be 3/1*(-1)/(-1). Let n = a + -3. Let u(q) be the third derivative of q**6/120 + q**5/60 - q**4/24 - 7*q**2. Give u(n).
0
Let j(n) = n - 1. Let h(r) = -r**3 + 2*r**2 + 2*r - 2. Let y be h(3). Give j(y).
-6
Let p be (-3)/(-5)*(3 + 2). Let h(k) = -1 - 2*k**2 - k + k**2 - p*k. Suppose 6*a - 15 = 9*a. Give h(a).
-6
Let c(h) = -h**3 + 12*h**2 + 2*h - 18. Let k be c(12). Let o(t) be the second derivative of -t**3/3 + 2*t**2 + t. Determine o(k).
-8
Let b = 5 - 1. Let q(c) = c + 27. Let u be q(-18). Suppose u = m + b. Let a(l) = l - 11. Calculate a(m).
-6
Let s(u) = u**3 + 5*u**2 + u + 6. Let q = -9 + 6. Let f = q + 10. Suppose -3*d - f = 8. What is s(d)?
1
Let k(o) = -o**2 + 3*o + 4. Suppose 2*x - 14 = j, -2*x = j - 9 + 3. What is k(x)?
-6
Let m(o) = -o + 1. Let s(i) = 5 - 3*i**2 + i**3 + 1 + 0 - 5*i. Suppose -p + 12 = 4*v, -2*v - 28 = -6*v + 3*p. Let x be s(v). Give m(x).
-1
Let m(t) = 6*t**3 + t - 1. Let w(q) = -q**2 + 7*q - 1. Let o be w(7). Let z = o - -2. Give m(z).
6
Let j(q) = -3*q + 3*q**2 + q**3 + 1 + 5*q + 0 - 5*q. Give j(-4).
-3
Let i(j) = j. Let h be i(2). Suppose -2*r + 2*y = -2*y + 18, -y = -5*r. Let o = h - r. Let c(a) = -4*a. What is c(o)?
-4
Let x(v) = -v + 2. Suppose 2*b + i - 42 = -3*b, -5*b + 36 = 3*i. Suppose 4*m + 16 = -2*a, m + 0*a = -3*a - b. Determine x(m).
5
Let k = 2 - 0. Let d(r) = -r + 1. Let h be d(1). Let i(w) = -4*w + 0 + w**3 + h - 4*w**2 + 7*w. Calculate i(k).
-2
Let p(a) = 0*a**2 - 4*a**3 + 2 + 2*a**3 - 9*a + a**2 + 3*a. Let g(d) = 2*d**3 + 5*d - 1. Let x(s) = -4*g(s) - 3*p(s). Calculate x(-2).
6
Let q(a) = a. Let k = -2 + 6. Give q(k).
4
Let j(u) = -u - 1. Let r be ((-8)/(-12))/(1/(-12)). Let v = r + 2. What is j(v)?
5
Let o(g) = -g**2 + 6*g - 1. Let z be (4 - 2) + 8*2. Suppose 0*w + 3*w - z = -3*u, 5*u = 5. Determine o(w).
4
Let y be 0 + 3 - (-6 - -7). Suppose 0 = -x + n + 4, -4*x + n + 2*n = -14. Let w(u) = -u**x + u**3 + 0*u**2 - 3 + u + 5. What is w(y)?
8
Let c(d) = d - 9. Let x be c(4). Let f = 2 + x. Let l(g) be the third derivative of g**5/60 + 5*g**4/24 + 2*g**3/3 + 4*g**2. Give l(f).
-2
Suppose 8 = 4*q - 4. Let x(s) = 9 + 0*s**2 + 12 - s**2 + s - 18. Determine x(q).
-3
Suppose -8 = 5*j - 9*j. Let o(b) = b - j - 7 + 15 - 5. Determine o(2).
3
Let o(y) = -12*y**2 + 2*y + 1. Let p be (3 - 11/3)*9/6. What is o(p)?
-13
Let x be (-4)/(-4)*-2*1. Let n be x/6 + (-7)/(-3). Let t(z) = -z**2 - z + 2. Determine t(n).
-4
Suppose -4*o - 5*d = 0, -3*o + o = -2*d + 18. Let k(f) = 2 - 2 - f. Calculate k(o).
5
Suppose -4*r + 12 = -76. Suppose -r - 28 = 5*n. Let w = n + 5. Let k(g) = -g**3 - 6*g**2 - 5*g - 3. Calculate k(w).
-3
Let x(w) = w**2 + 5*w - 3. Suppose -41 = 7*p + 8. Determine x(p).
11
Let k(o) = o. Let g(w) = -7*w - 4. Let f(d) = -g(d) - 6*k(d). Determine f(0).
4
Suppose 0 = -4*z - 1 + 17. Let y(o) = -3*o + 2. Let x(l) = -16*l + 10. Let g(d) = -2*x(d) + 11*y(d). Calculate g(z).
-2
Let u(c) = 0*c - 4 + c - 4*c + 2*c. Let y(t) = -t**3 - 6*t**2 + 9*t + 9. Let h be y(-7). What is u(h)?
1
Let d(r) = -2*r**3 + 5*r**2 + 2*r + 5. Let n be d(4). Let a be 38/(-10) + 7/n. Let z(j) = -j**2 - j + 5. Give z(a).
-7
Let k(h) = h - 5. Let i be k(7). Suppose 5*u - 9 = 2*q, -u + q = -i*u + 6. Let n(l) = -5*l**3 + 4*l**u + l - 3 - 4*l - 2*l**2. Give n(-2).
3
Let p(s) = -s + 1. Suppose 3*f + 9 = 6*f. Suppose -4*w - 2*i + 10 = -3*i, -8 = -f*w + i. Determine p(w).
-1
Let m(y) = -2*y - 72 - 76 + 147. What is m(-1)?
1
Suppose 7*f = -2*f. Let u(q) = -q + 5. What is u(f)?
5
Let a(y) = -1 - 162*y**2 - y + 161*y**2 + 3*y**3 + 3*y. Suppose -p - g = -1, 0*p + 2 = 2*p + 4*g. Calculate a(p).
3
Let g = 5 - -1. Let r(p) = 4*p - 32. Let l(k) = -k + 8. Let z(x) = 9*l(x) + 2*r(x). Calculate z(g).
2
Let o(d) be the first derivative of d**2 + 2. Give o(-2).
-4
Let c(o) = o**2 + 6*o - 3. Let l(h) = 2*h + 10. Let d be l(-7). What is c(d)?
-11
Let p(d) = d**2 + 7*d + 7. Suppose 11 = -r + 5. Determine p(r).
1
Let o = -3 + 8. Let z(s) = s**3 - 11 - 7*s**2 + 3*s**2 - 8*s + 17. Give z(o).
-9
Let t(h) be the first derivative of -h**3/3 + 5*h**2/2 + 4*h - 3. Calculate t(5).
4
Let f(b) be the first derivative of -2*b + 5 + 3/2*b**2. Give f(4).
10
Let n(a) = 2*a**2 + 4*a + 4. Let k be n(-2). Let j = 1 + k. Let q(v) = -v**3 + 6*v**2 - 4*v + 3. Give q(j).
8
Let o(r) be the third derivative of -r**6/120 + r**5/15 + r**4/4 - r**3/2 - r**2. Let k = -39 - -44. Give o(k).
2
Let p be (-7)/(-9) + 4/18. Let r(n) = -7*n**3 - 4 + n + n - p - 2*n**2 + 4. Give r(1).
-8
Let d(u) = -u**3 - 3*u**2 - u + 1. Let p be d(-3). Suppose -2*a + 4 = -p. Let g(f) = 3 - 5 - a - f**2 + f**3 + 2*f**2. Calculate g(0).
-6
Let y(b) = b + 9. Let f(c) = -1. Let p(l) = l. Let r(j) = f(j) - p(j). Let v(d) = -5*r(d) - y(d). Give v(3).
8
Let u(f) be the second derivative of -f**6/120 - f**5/12 + 3*f**4/8 + 3*f**3/2 - 3*f**2/2 + 4*f. Let o(v) be the first derivative of u(v). Determine o(-6).
-9
Let f be ((-4)/(-10))/(1/(-5)). Let b(p) = 11*p**3 + 8*p - 11. Let l(r) = 7*r**3 + 5*r - 7. Let y(o) = 5*b(o) - 8*l(o). Calculate y(f).
9
Let w = 0 - -1. Let i(x) = -5*x**3 + x - 5*x + 5*x. Give i(w).
-4
Suppose -6*f = -f - 5*z - 45, -2*f + 23 = -3*z. Suppose 2*y - p + 6 = -2, 2*y + 3*p + 24 = 0. Let t = y + f. Let h(d) = -d. Determine h(t).
2
Let c(s) = 2*s**2 - s - 1. Let t be (1 + 3)*1 + -1. Calculate c(t).
14
Let m(z) = -z**3 - 6*z**2 - 2*z - 4. Suppose 5*c - i + 26 = 0, 0 = -2*c - 2*i - 14 - 6. Determine m(c).
8
Let f(a) = -14 + 3 + 4 + 5*a**2 + a**3. Determine f(-5).
-7
Let o(h) be the third derivative of h**5/60 + h**4/12 - h**3/2 - 2*h**2. Let a(z) = -4*z**2 - 6*z + 10. Let x(s) = 2*a(s) + 7*o(s). Calculate x(1).
0
Let a(n) = n**3 - 3*n**2 - 4*n + 1. Let z(g) = -g**2 - 11*g + 16. Let u be z(-12). Determine a(u).
1
Let s(w) = w**2 + 2*w - 2. Let k be s(-3). Let z(i) = i + 5 - k + 0*i + 1. Let a be z(0). Let y(h) = -h**2 + 5*h - 6. Calculate y(a).
-6
Let s(q) = -q**2 - 4*q + 6. Let p(h) = 8*h - 6. Let l be p(0). Calculate s(l).
-6
Let y(a) = 2*a**2 + 1. Let c(n) = n**2 + 1. Let g be c(-1). Suppose g*j - 1 = 1. Let p = j - 3. Calculate y(p).
9
Let m(g) = -2*g**2 + 2*g - 1. Let a(x) = -3*x - 1. Let l = -4 - -7. Suppose 0 = -h - r - 3, 0*r = h + l*r + 7. Let f be a(h). Calculate m(f).
-5
Let n = 30 - 34. Let d(g) = 3*g**2 - 3*g - 1. Let y(h) = 2*h**2 - 9*h + 6*h**2 + 1 - 3. Let v(o) = -11*d(o) + 4*y(o). Determine v(n).
-1
Let r(c) be the second derivative of c**7/2520 - c**6/90 - c**5/20 - 5*c**4/12 + 2*c. Let u(l) be the third derivative of r(l). Determine u(9).
3
Let v = 15 + -11. Let s(b) be the second derivative of -b**5/20 + b**4/3 - b**2/2 + 6*b. Give s(v).
-1
Let i(d) = -d**2 + 7*d - 3. Let f(x) = -x + 1. Let a(o) = 3*f(o) - i(o). Give a(7).
-15
Let s(v) = 5*v - 1. Suppose -1 = 5*i + w - 20, -4*i + 20 = 2*w. Suppose 0 = 5*r + 3*q - 2, 3*r + 2*q = i*q + 4. What is s(r)?
4
Let i(n) = -7*n**2 + 1. Let h = 6 - 8. Let k be -2 - (-1 + 2) - h. Calculate i(k).
-6
Let b(j) be the first derivative of j**3 - j - 9. Give b(-1).
2
Let w = 5 + -3. Suppose -4*j = -w - 2. Suppose 0 = 3*n + 5*v - 10 - j, -5*v = -5. Let x(s) = -s - 2. What is x(n)?
-4
Let t be (1/5*2)/((-45)/(-225)). Let l(w) be the third derivative of 1/60*w**5 + 0*w + 0*w**4 + 0 + w**t + 1/6*w**3. Calculate l(1).
2
Let x(z) = -3*z - 10. Let p(r) = 2*r - 2. Let h be p(-1). Let j(f) = 2*f + 9. Let a(i) = h*j(i) - 3*x(i). Give a(4).
-2
Let c(v) = v**3 - 5*v**2 + 3*v + 1. Let i = 26 - 3. Suppose -2*f - 2*u - 2 = -4*u, -2*f - 3*u + i = 0. Determine c(f).
-3
Let j(d) = d**3 - d**2. Let l = 12 - 7. Suppose -l*p + y - 4 = 1, -p - 2*y = 1. Give j(p).
-2
Let d(x) = 2*x. Suppose 4*q - 2 = 14. Let w be 8/5 - q/(-10). Give d(w).
4
Let n(c) be the third derivative of -c**4/24 - c**3/2 + 4*c**2. Determine n(-6).
3
Let g(i) = -2*i + 3 - 1 + 3*i + 0*i. Let x(m) = -m**3 + 3*m**2 + 4*m + 3. Let y be x(4). Suppose y + 2 = t. Calculate g(t).
7
Let x(t) = 2*t - 1. Suppose -2*q = -1 - 3. Determine x(